{"id":2,"date":"2016-07-25T08:42:40","date_gmt":"2016-07-25T08:42:40","guid":{"rendered":"https:\/\/blog.ilgiornale.it\/boezi\/?page_id=2"},"modified":"2016-07-27T16:04:01","modified_gmt":"2016-07-27T14:04:01","slug":"perche-questo-blog","status":"publish","type":"page","link":"https:\/\/blog.ilgiornale.it\/boezi\/perche-questo-blog\/","title":{"rendered":"Perch\u00e9 questo blog"},"content":{"rendered":"<p>Perch\u00e8 l&#8217;intero sistema scolatisco italiano merita di essere messo in discussione. Perch\u00e8 siamo il fanalino di coda in tutte le classifiche. Un blog per mettere in evidenza storie di malauniversit\u00e0, inutilit\u00e0 del sistema nozionistico della scuola piccolo borghese ed inefficienza di una classe di professori formatasi durante gli anni della contestazione. Baroni, perfetti ignoranti, sessantottardi varii che hanno costruito un carrozzone egualitario e controproducente per l&#8217;intera nazione. Un blog per dire che forse aveva ragione Pasolini nel proporre di chiudere tutto e ripartire da zero.<\/p>\n","protected":false},"excerpt":{"rendered":"<p><p>Perch\u00e8 l&#8217;intero sistema scolatisco italiano merita di essere messo in discussione. Perch\u00e8 siamo il fanalino di coda in tutte le classifiche. Un blog per mettere in evidenza storie di malauniversit\u00e0, inutilit\u00e0 del sistema nozionistico della scuola piccolo borghese ed inefficienza di una classe di professori formatasi durante gli anni della contestazione. Baroni, perfetti ignoranti, sessantottardi varii che hanno costruito un carrozzone egualitario e controproducente per l&#8217;intera nazione. Un blog per dire che forse aveva ragione Pasolini nel proporre di chiudere tutto e ripartire da zero.<\/p>\n&nbsp;&nbsp;<div class=\"readmore\"><a href=\"https:\/\/blog.ilgiornale.it\/boezi\/perche-questo-blog\/\">Continua a leggere...<\/a><\/div><\/p>","protected":false},"author":991,"featured_media":0,"parent":0,"menu_order":0,"comment_status":"open","ping_status":"closed","template":"","meta":[],"_links":{"self":[{"href":"https:\/\/blog.ilgiornale.it\/boezi\/wp-json\/wp\/v2\/pages\/2"}],"collection":[{"href":"https:\/\/blog.ilgiornale.it\/boezi\/wp-json\/wp\/v2\/pages"}],"about":[{"href":"https:\/\/blog.ilgiornale.it\/boezi\/wp-json\/wp\/v2\/types\/page"}],"author":[{"embeddable":true,"href":"https:\/\/blog.ilgiornale.it\/boezi\/wp-json\/wp\/v2\/users\/991"}],"replies":[{"embeddable":true,"href":"https:\/\/blog.ilgiornale.it\/boezi\/wp-json\/wp\/v2\/comments?post=2"}],"version-history":[{"count":1,"href":"https:\/\/blog.ilgiornale.it\/boezi\/wp-json\/wp\/v2\/pages\/2\/revisions"}],"predecessor-version":[{"id":6,"href":"https:\/\/blog.ilgiornale.it\/boezi\/wp-json\/wp\/v2\/pages\/2\/revisions\/6"}],"wp:attachment":[{"href":"https:\/\/blog.ilgiornale.it\/boezi\/wp-json\/wp\/v2\/media?parent=2"}],"curies":[{"name":"wp","href":"https:\/\/api.w.org\/{rel}","templated":true}]}}