{"id":145,"date":"2023-10-23T00:22:24","date_gmt":"2023-10-22T22:22:24","guid":{"rendered":"http:\/\/blog.ilgiornale.it\/decarlo\/?page_id=145"},"modified":"2023-10-23T00:24:27","modified_gmt":"2023-10-22T22:24:27","slug":"qa","status":"publish","type":"page","link":"https:\/\/blog.ilgiornale.it\/decarlo\/qa\/","title":{"rendered":"Q&amp;A"},"content":{"rendered":"<p><strong>Benvenuti nella sezione Q&amp;A del nostro blog!<\/strong><\/p>\n<p>In questa sezione mi impegner\u00f2 a rispondere ai vostri quesiti tecnici riguardanti i <strong>contratti pubblici<\/strong>, le <strong>infrastrutture<\/strong>, i <strong>trasporti<\/strong> e molti altri temi affrontati nel mio blog.<\/p>\n<p><strong>Come funziona?<\/strong><\/p>\n<ol>\n<li>Inviate la vostra domanda utilizzando il modulo sottostante.<\/li>\n<li>Esaminer\u00f2 le domande pervenute e selezioner\u00e0 quelle che verranno pubblicate e alle quali verr\u00e0 fornita una risposta.<\/li>\n<li>La risposta verr\u00e0 pubblicata direttamente in questa sezione, cos\u00ec che tutti i lettori possano beneficiare delle informazioni condivise.<\/li>\n<\/ol>\n<p><strong>Criteri di selezione delle domande:<\/strong><\/p>\n<ul>\n<li>Si prenderanno in considerazione solo le domande che richiedono una <strong>risposta tecnica<\/strong>.<\/li>\n<li>Non verranno prese in considerazione domande di natura opinabile o che non rientrano nei temi trattati nel blog.<\/li>\n<li>Non posso garantire una risposta a tutte le domande, ma far\u00f2 del mio meglio per rispondere al maggior numero possibile.<\/li>\n<\/ul>\n<p><strong>Nota Bene:<\/strong> Le risposte fornite in questa sezione sono di natura puramente informativa e non sostituiscono una consulenza professionale. Per questioni specifiche o dettagliate, si consiglia sempre di consultare un professionista del settore.<\/p>\n<p>Grazie per la vostra partecipazione e speriamo che questa sezione possa diventare una risorsa preziosa per tutti coloro che desiderano approfondire e comprendere meglio il mondo dei contratti pubblici, delle infrastrutture e dei trasporti.<\/p>\n","protected":false},"excerpt":{"rendered":"<p><p>Benvenuti nella sezione Q&amp;A del nostro blog! In questa sezione mi impegner\u00f2 a rispondere ai vostri quesiti tecnici riguardanti i contratti pubblici, le infrastrutture, i trasporti e molti altri temi affrontati nel mio blog. Come funziona? Inviate la vostra domanda utilizzando il modulo sottostante. Esaminer\u00f2 le domande pervenute e selezioner\u00e0 quelle che verranno pubblicate e alle quali verr\u00e0 fornita una risposta. La risposta verr\u00e0 pubblicata direttamente in questa sezione, cos\u00ec che tutti i lettori possano beneficiare delle informazioni condivise. Criteri di selezione delle domande: Si prenderanno in considerazione solo le domande che richiedono una risposta tecnica. Non verranno prese in [&hellip;]<\/p>\n&nbsp;&nbsp;<div class=\"readmore\"><a href=\"https:\/\/blog.ilgiornale.it\/decarlo\/qa\/\">Continua a leggere...<\/a><\/div><\/p>","protected":false},"author":1124,"featured_media":0,"parent":0,"menu_order":0,"comment_status":"closed","ping_status":"closed","template":"","meta":[],"_links":{"self":[{"href":"https:\/\/blog.ilgiornale.it\/decarlo\/wp-json\/wp\/v2\/pages\/145"}],"collection":[{"href":"https:\/\/blog.ilgiornale.it\/decarlo\/wp-json\/wp\/v2\/pages"}],"about":[{"href":"https:\/\/blog.ilgiornale.it\/decarlo\/wp-json\/wp\/v2\/types\/page"}],"author":[{"embeddable":true,"href":"https:\/\/blog.ilgiornale.it\/decarlo\/wp-json\/wp\/v2\/users\/1124"}],"replies":[{"embeddable":true,"href":"https:\/\/blog.ilgiornale.it\/decarlo\/wp-json\/wp\/v2\/comments?post=145"}],"version-history":[{"count":3,"href":"https:\/\/blog.ilgiornale.it\/decarlo\/wp-json\/wp\/v2\/pages\/145\/revisions"}],"predecessor-version":[{"id":148,"href":"https:\/\/blog.ilgiornale.it\/decarlo\/wp-json\/wp\/v2\/pages\/145\/revisions\/148"}],"wp:attachment":[{"href":"https:\/\/blog.ilgiornale.it\/decarlo\/wp-json\/wp\/v2\/media?parent=145"}],"curies":[{"name":"wp","href":"https:\/\/api.w.org\/{rel}","templated":true}]}}