{"id":839,"date":"2025-12-17T20:36:42","date_gmt":"2025-12-17T19:36:42","guid":{"rendered":"https:\/\/blog.ilgiornale.it\/furlan\/?page_id=839"},"modified":"2025-12-17T20:37:05","modified_gmt":"2025-12-17T19:37:05","slug":"boom-per-la-formazione-aziendale-48-nei-prossimi-10-anni","status":"publish","type":"page","link":"https:\/\/blog.ilgiornale.it\/furlan\/boom-per-la-formazione-aziendale-48-nei-prossimi-10-anni\/","title":{"rendered":"Boom per la formazione aziendale: +48% nei prossimi 10 anni"},"content":{"rendered":"<p><strong><a href=\"https:\/\/blog.ilgiornale.it\/furlan\/files\/2025\/12\/Corporate-Training_SooToday.com_.png\"><img loading=\"lazy\" class=\"alignnone size-medium wp-image-840\" src=\"https:\/\/blog.ilgiornale.it\/furlan\/files\/2025\/12\/Corporate-Training_SooToday.com_-300x198.png\" alt=\"\" width=\"300\" height=\"198\" srcset=\"https:\/\/blog.ilgiornale.it\/furlan\/files\/2025\/12\/Corporate-Training_SooToday.com_-300x198.png 300w, https:\/\/blog.ilgiornale.it\/furlan\/files\/2025\/12\/Corporate-Training_SooToday.com_.png 729w\" sizes=\"(max-width: 300px) 100vw, 300px\" \/><\/a><\/strong><\/p>\n<p>&nbsp;<\/p>\n<p><strong>BOOM PER IL MERCATO GLOBALE DELLA FORMAZIONE AZIENDALE: ENTRO I PROSSIMI 10 ANNI PREVISTI RICAVI VICINI A QUOTA 700 MILIARDI DI EURO (+48% SUL 2025)<\/strong><\/p>\n<p><strong><em>\u00a0<\/em><\/strong><\/p>\n<p>\u201c<em>La capacit\u00e0 di apprendere pi\u00f9 velocemente dei vostri concorrenti potrebbe essere il solo vantaggio competitivo che avete<\/em>\u201d: mai banali le parole dell\u2019imprenditore olandese <strong>Arie De Geus<\/strong> che mette in risalto, e non poco, il valore e l\u2019importanza dell\u2019<strong>apprendimento <\/strong>e della<strong> formazione<\/strong>, <strong>costante<\/strong> e <strong>mirata<\/strong>, all\u2019interno di <strong>aziende<\/strong> e <strong>organizzazioni<\/strong> che puntano ad <strong>acquisire sempre pi\u00f9 autorit\u00e0 nel proprio settore di competenza<\/strong>. Il medesimo concetto, stando a una serie di <strong>ricerche<\/strong> condotte sulle principali testate internazionali del settore dalla <a href=\"https:\/\/frrb.it\/chi-siamo\/\"><em>Fondazione Regionale per la Ricerca Biomedica<\/em><\/a>, realt\u00e0 nata con l\u2019obiettivo di <strong>valorizzare la ricerca e i ricercatori a 360\u00b0<\/strong> che <strong>promuove la crescita professionale e personale dei propri dipendenti attraverso proposte e piani ad hoc<\/strong>, assume ancora pi\u00f9 rilevanza considerando sia la <strong>quotidianit\u00e0<\/strong> sia, in particolar modo, le <strong>prospettive future<\/strong>. A tal proposito arrivano conferme da un recente approfondimento a firma di <strong><em>Allied Market Research<\/em><\/strong> che focalizza l\u2019attenzione sull\u2019esplosione del mercato globale della formazione aziendale, chiamata anche \u201c<strong>corporate training<\/strong>\u201d: entrando pi\u00f9 nel dettaglio, si prevede che l\u2019asset sfiorer\u00e0 i <strong>700 miliardi di fatturato entro i prossimi 10 anni<\/strong> (<strong>+48% sul 2025<\/strong>). Sulla medesima lunghezza d\u2019onda, in termini contenutistici, si dimostra <strong><em>EinPressWire<\/em><\/strong> che si concentra proprio sull\u2019anno corrente, il quale si chiuder\u00e0 con ricavi superiori a quota <strong>300 miliardi<\/strong>. E ancora, <strong><em>Linkedin<\/em><\/strong> offre una visione prettamente europea del mercato del corporate training: a livello di entrate, il <strong>2025<\/strong> si chiuder\u00e0 con circa <strong>15 miliardi di euro ricavi<\/strong>. Entro i prossimi <strong>8 anni<\/strong>, \u00e8 previsto un ulteriore incremento superiore a quota <strong>23 miliardi<\/strong> con una <strong>crescita media annuale composta dell\u20198%<\/strong>. I paesi pi\u00f9 lungimiranti del <strong>Vecchio Continente<\/strong>? Sicuramente <strong>Regno Unito<\/strong> e <strong>Germania<\/strong> che, per quanto riguarda la crescita formativa dei singoli lavoratori, puntano su corsi molto specializzati, soprattutto, sull\u2019utilizzo di tool e piattaforme d\u2019intelligenza artificiale, la tecnologia del momento secondo i principali esperti globali.<\/p>\n<p>La <strong>Spagna<\/strong>, invece, scommette fortemente sul digitale e sul lavoro da remoto e, per questo motivo, vuole offrire, sempre pi\u00f9 in vista dei prossimi anni, <strong>corsi immersivi e flessibili che professionisti di tutte le et\u00e0 possono seguire da casa al fine di garantire loro anche<\/strong> <strong>un miglior equilibrio<\/strong> tra la vita privata e quella lavorativa. E l\u2019Italia? Secondo <strong><em>Research &amp; Markets<\/em><\/strong> chiuder\u00e0 l\u2019anno corrente con ricavi pari a <strong>5 miliardi<\/strong>, tenendo in considerazione il mercato di riferimento. Restando in ottica <strong>Bel Paese<\/strong>, ad emergere \u00e8 l\u2019attenzione delle imprese italiane nell\u2019offerta formativa, strutturata per migliorare la produttivit\u00e0 dei dipendenti. In quali citt\u00e0 si trovano le aziende pi\u00f9 virtuose? <strong>Roma<\/strong>, <strong>Torino<\/strong> e <strong>Milano<\/strong>, metropoli in cui hanno sede realt\u00e0 che vedono nella formazione un asset strategico come la <strong><em>Fondazione Regionale per la Ricerca Biomedica<\/em><\/strong> (<strong>FRRB<\/strong>). \u201cCome gi\u00e0 anticipato da <strong>Arie De Geus<\/strong> la capacit\u00e0 di apprendimento risulta un vantaggio competitivo dinanzi ai propri competitor \u2013 afferma <strong>Veronica Comi<\/strong>, Direttore Generale della <strong><em>Fondazione Regionale per la Ricerca Biomedica<\/em><\/strong> \u2013 In qualit\u00e0 di azienda di spicco nel nostro asset siamo chiamati ad essere sempre pi\u00f9 performanti ed efficaci e, al fine di <strong>restare al passo con i tempi<\/strong>, crediamo che la formazione sia il <strong>volano<\/strong> per arricchire il bagaglio tecnico e cognitivo dei nostri professionisti. Questi ultimi sono gli artefici dei nostri risultati e della crescita di <strong>Fondazione<\/strong> sia in termini operativi sia a livello di <strong>brand awareness<\/strong> e, proprio per questo, vogliamo garantire loro l\u2019opportunit\u00e0 di crescere sia personalmente sia professionalmente. Come? Ogni anno viene richiesto ai dipendenti, molto <strong>attenti ad analizzare i principali trend di mercato oltre alle esigenze di Enti e ricercatori<\/strong>, quali <strong>necessit\u00e0 formative hanno<\/strong> e, a seguito di confronti interni anche con i componenti del <strong>Consiglio di Amministrazione<\/strong>, viene redatto un <strong>piano specifico contenente possibili percorsi formativi loro utili al fine di ottenere le skill ricercate<\/strong>. Attraverso questa modalit\u00e0 siamo in grado di offrire corsi di aggiornamento <strong>su misura<\/strong> o <strong>taylormade<\/strong>. D\u2019altronde, un dipendente che viene <strong>ascoltato<\/strong> e <strong>formato<\/strong>, risulta anche <strong>pi\u00f9 stimolato a crescere e, di conseguenza, a far crescere la realt\u00e0 per cui lavora<\/strong>\u201d.<\/p>\n<p>Fanno seguito alle parole di <strong>Veronica Comi<\/strong>, ulteriori indicazioni di scenario legate ai <strong>trend<\/strong> che caratterizzeranno il settore della formazione aziendale in vista dei prossimi anni. Qui torna di moda l\u2019approfondimento precedentemente citato a cura di <strong><em>EinPressWire<\/em><\/strong>, il quale concentra l\u2019attenzione sull\u2019intelligenza artificiale e i cosiddetti software \u201c<strong>AI-addicted<\/strong>\u201d con i quali \u00e8 possibile fornire vere e proprie training experience attraverso l\u2019aiuto di un\u2019altra tecnologia di grande valore ed impatto quale la realt\u00e0 virtuale. Grazie ad esse, infatti, \u00e8 possibile far vivere ai corsisti autentiche riproduzioni di situazioni reali al fine di mettere in pratica quanto appreso durante la parte teorica del corso in questione. Sempre stando alla medesima fonte, in <strong>Irlanda<\/strong> \u00e8 stato pensato un <strong>software<\/strong> capace, a cadenza variabile, di mettere in risalto le carenze dei dipendenti e, di conseguenza, di indicare agli HR leader, o responsabili delle risorse umane, come intervenire tempestivamente e aiutare i professionisti ad <strong>aggiornarsi<\/strong>, restando cos\u00ec allineati e pronti ad <strong>affrontare le nuove sfide che offre il panorama lavorativo attuale<\/strong>.<\/p>\n","protected":false},"excerpt":{"rendered":"<p><p>&nbsp; BOOM PER IL MERCATO GLOBALE DELLA FORMAZIONE AZIENDALE: ENTRO I PROSSIMI 10 ANNI PREVISTI RICAVI VICINI A QUOTA 700 MILIARDI DI EURO (+48% SUL 2025) \u00a0 \u201cLa capacit\u00e0 di apprendere pi\u00f9 velocemente dei vostri concorrenti potrebbe essere il solo vantaggio competitivo che avete\u201d: mai banali le parole dell\u2019imprenditore olandese Arie De Geus che mette in risalto, e non poco, il valore e l\u2019importanza dell\u2019apprendimento e della formazione, costante e mirata, all\u2019interno di aziende e organizzazioni che puntano ad acquisire sempre pi\u00f9 autorit\u00e0 nel proprio settore di competenza. Il medesimo concetto, stando a una serie di ricerche condotte sulle principali [&hellip;]<\/p>\n&nbsp;&nbsp;<div class=\"readmore\"><a href=\"https:\/\/blog.ilgiornale.it\/furlan\/boom-per-la-formazione-aziendale-48-nei-prossimi-10-anni\/\">Continua a leggere...<\/a><\/div><\/p>","protected":false},"author":1105,"featured_media":840,"parent":0,"menu_order":0,"comment_status":"closed","ping_status":"closed","template":"","meta":[],"_links":{"self":[{"href":"https:\/\/blog.ilgiornale.it\/furlan\/wp-json\/wp\/v2\/pages\/839"}],"collection":[{"href":"https:\/\/blog.ilgiornale.it\/furlan\/wp-json\/wp\/v2\/pages"}],"about":[{"href":"https:\/\/blog.ilgiornale.it\/furlan\/wp-json\/wp\/v2\/types\/page"}],"author":[{"embeddable":true,"href":"https:\/\/blog.ilgiornale.it\/furlan\/wp-json\/wp\/v2\/users\/1105"}],"replies":[{"embeddable":true,"href":"https:\/\/blog.ilgiornale.it\/furlan\/wp-json\/wp\/v2\/comments?post=839"}],"version-history":[{"count":2,"href":"https:\/\/blog.ilgiornale.it\/furlan\/wp-json\/wp\/v2\/pages\/839\/revisions"}],"predecessor-version":[{"id":842,"href":"https:\/\/blog.ilgiornale.it\/furlan\/wp-json\/wp\/v2\/pages\/839\/revisions\/842"}],"wp:featuredmedia":[{"embeddable":true,"href":"https:\/\/blog.ilgiornale.it\/furlan\/wp-json\/wp\/v2\/media\/840"}],"wp:attachment":[{"href":"https:\/\/blog.ilgiornale.it\/furlan\/wp-json\/wp\/v2\/media?parent=839"}],"curies":[{"name":"wp","href":"https:\/\/api.w.org\/{rel}","templated":true}]}}