{"id":2,"date":"2017-05-10T14:45:13","date_gmt":"2017-05-10T14:45:13","guid":{"rendered":"https:\/\/blog.ilgiornale.it\/valle\/?page_id=2"},"modified":"2018-10-26T14:46:21","modified_gmt":"2018-10-26T12:46:21","slug":"perche-questo-blog","status":"publish","type":"page","link":"https:\/\/blog.ilgiornale.it\/valle\/perche-questo-blog\/","title":{"rendered":"Perch\u00e8 questo blog"},"content":{"rendered":"<p>Perch\u00e8 questo blog? Perch\u00e8 questo titolo? Perch\u00e8 i confini non sono pi\u00f9 limiti ma suggestioni. Suggestioni per guardare alla Storia e scoprire connessioni sorprendenti, capire che le vicende e le imprese sono sempre disegnate intorno a grandi uomini. E che l\u2019Italia, nella propria insofferente smania autodistruttrice, ha cancellato dalla memoria volti e figure capaci di far impallidire la storia ufficiale.<\/p>\n","protected":false},"excerpt":{"rendered":"<p><p>Perch\u00e8 questo blog? Perch\u00e8 questo titolo? Perch\u00e8 i confini non sono pi\u00f9 limiti ma suggestioni. Suggestioni per guardare alla Storia e scoprire connessioni sorprendenti, capire che le vicende e le imprese sono sempre disegnate intorno a grandi uomini. E che l\u2019Italia, nella propria insofferente smania autodistruttrice, ha cancellato dalla memoria volti e figure capaci di far impallidire la storia ufficiale.<\/p>\n&nbsp;&nbsp;<div class=\"readmore\"><a href=\"https:\/\/blog.ilgiornale.it\/valle\/perche-questo-blog\/\">Continua a leggere...<\/a><\/div><\/p>","protected":false},"author":991,"featured_media":0,"parent":0,"menu_order":0,"comment_status":"open","ping_status":"closed","template":"","meta":[],"_links":{"self":[{"href":"https:\/\/blog.ilgiornale.it\/valle\/wp-json\/wp\/v2\/pages\/2"}],"collection":[{"href":"https:\/\/blog.ilgiornale.it\/valle\/wp-json\/wp\/v2\/pages"}],"about":[{"href":"https:\/\/blog.ilgiornale.it\/valle\/wp-json\/wp\/v2\/types\/page"}],"author":[{"embeddable":true,"href":"https:\/\/blog.ilgiornale.it\/valle\/wp-json\/wp\/v2\/users\/991"}],"replies":[{"embeddable":true,"href":"https:\/\/blog.ilgiornale.it\/valle\/wp-json\/wp\/v2\/comments?post=2"}],"version-history":[{"count":2,"href":"https:\/\/blog.ilgiornale.it\/valle\/wp-json\/wp\/v2\/pages\/2\/revisions"}],"predecessor-version":[{"id":7,"href":"https:\/\/blog.ilgiornale.it\/valle\/wp-json\/wp\/v2\/pages\/2\/revisions\/7"}],"wp:attachment":[{"href":"https:\/\/blog.ilgiornale.it\/valle\/wp-json\/wp\/v2\/media?parent=2"}],"curies":[{"name":"wp","href":"https:\/\/api.w.org\/{rel}","templated":true}]}}

Perchè questo blog

<p>Perchè questo blog? Perchè questo titolo? Perchè i confini non sono più limiti ma suggestioni. Suggestioni per guardare alla Storia e scoprire connessioni sorprendenti, capire che le vicende e le imprese sono sempre disegnate intorno a grandi uomini. E che l’Italia, nella propria insofferente smania autodistruttrice, ha cancellato dalla memoria volti e figure capaci di far impallidire la storia ufficiale.</p>

<p><p>Perchè questo blog? Perchè questo titolo? Perchè i confini non sono più limiti ma suggestioni. Suggestioni per guardare alla Storia e scoprire connessioni sorprendenti, capire che le vicende e le imprese sono sempre disegnate intorno a grandi uomini. E che l’Italia, nella propria insofferente smania autodistruttrice, ha cancellato dalla memoria volti e figure capaci di far impallidire la storia ufficiale.</p>
&nbsp;&nbsp;<div class="readmore"><a href="https://blog.ilgiornale.it/valle/perche-questo-blog/">Continua a leggere...</a></div></p>
